 + 3?
-218
In base 15, what is 286 - -3?
289
In base 11, what is -1 + -1369?
-136a
In base 2, what is 1100 + 1110100?
10000000
In base 2, what is 110010111 + 111?
110011110
In base 6, what is -3 + -1354?
-1401
In base 10, what is 8 - 59?
-51
In base 16, what is 10 + -a?
6
In base 12, what is 93 - 2?
91
In base 10, what is -14 + 6?
-8
In base 8, what is -7 - 27?
-36
In base 14, what is 29 - -3?
2c
In base 8, what is 10 - 72?
-62
In base 11, what is 2 + 1140?
1142
In base 7, what is -1142 - -2?
-1140
In base 14, what is -141 + 2?
-13d
In base 14, what is -136 - -3?
-133
In base 13, what is 8 + -37?
-2c
In base 12, what is -97 - -23?
-74
In base 13, what is 14 - 11?
3
In base 9, what is -3 + 14?
11
In base 10, what is 0 - -184?
184
In base 11, what is -729 + -32?
-760
In base 11, what is -196 + 6?
-190
In base 5, what is 12 - 20410?
-20343
In base 16, what is 2 - 5?
-3
In base 12, what is 1 - 203?
-202
In base 10, what is -7592 - 4?
-7596
In base 9, what is 282 - 1?
281
In base 2, what is -10010111101100 + -10?
-10010111101110
In base 10, what is -3 + -88?
-91
In base 11, what is 5 + 853?
858
In base 2, what is -1010011 + 111?
-1001100
In base 8, what is -7 + -332?
-341
In base 8, what is 0 - 174?
-174
In base 6, what is 3 + -215?
-212
In base 15, what is 30 + -6?
29
In base 3, what is -1100 - 11?
-1111
In base 7, what is -2 - -15311?
15306
In base 5, what is -114 + -110?
-224
In base 6, what is -1 + 21?
20
In base 15, what is 6d + -5?
68
In base 8, what is 271 - -2?
273
In base 4, what is -111 + 1233?
1122
In base 4, what is 1033 + 33?
1132
In base 9, what is 401 - -6?
407
In base 11, what is 17 - 319?
-302
In base 4, what is 2 - 322?
-320
In base 3, what is 220200 - -20?
220220
In base 13, what is b + 994?
9a2
In base 8, what is -5373 + 7?
-5364
In base 11, what is -20a6 + 5?
-20a1
In base 5, what is -3104 + 0?
-3104
In base 6, what is -25 - -21?
-4
In base 16, what is 1 + 38?
39
In base 14, what is -4 - 29?
-2d
In base 5, what is 4 - -1013?
1022
In base 9, what is -53 + -136?
-200
In base 2, what is 1 + -111010?
-111001
In base 14, what is 78c - -4?
792
In base 3, what is -12020 - 102?
-12122
In base 2, what is -100 - -1011000?
1010100
In base 10, what is -5 + -59?
-64
In base 6, what is 2 - -13?
15
In base 14, what is d2 + 4?
d6
In base 4, what is -232 - 101?
-333
In base 3, what is 11 - -2011?
2022
In base 13, what is -5 + 143?
13b
In base 16, what is d3 - 1?
d2
In base 11, what is 0 + -47?
-47
In base 12, what is 2 + -113?
-111
In base 3, what is 2 - -1021010?
1021012
In base 13, what is 3 - -3b8?
3bb
In base 16, what is 3 - -4?
7
In base 8, what is -137073 + 2?
-137071
In base 8, what is -103 - -4?
-77
In base 5, what is -101 + -220?
-321
In base 15, what is -5 - -3?
-2
In base 5, what is 1 + -3441?
-3440
In base 14, what is 5 + -37c?
-377
In base 6, what is 4315 - 0?
4315
In base 6, what is 1111 + 1?
1112
In base 13, what is 2 - -42?
44
In base 7, what is 51 - -31?
112
In base 6, what is 0 - 40?
-40
In base 6, what is 4 + 225?
233
In base 12, what is 2 - 420?
-41a
In base 9, what is -47 - -10?
-37
In base 3, what is -21 + -212020?
-212111
In base 13, what is -2 - -26?
24
In base 3, what is 202111 + -10?
202101
In base 8, what is 4203 - 1?
4202
In base 4, what is -100310 - 3?
-100313
In base 11, what is -1a0 - 2?
-1a2
In base 5, what is 4 + -10?
-1
In base 14, what is -170 - -9?
-165
In base 7, what is 1 + -660?
-656
In base 9, what is 5 + 21?
26
In base 11, what is 0 - -a?
a
In base 16, what is -4 - -37b?
377
In base 3, what is -101 - 202?
-1010
In base 13, what is -279 - 2?
-27b
In base 5, what is 3 - -233?
241
In base 6, what is 0 + -1540?
-1540
In base 10, what is -30040 - 4?
-30044
In base 12, what is -18 + -14?
-30
In base 7, what is -2 - -4?
2
In base 4, what is -3 - -1023?
1020
In base 2, what is -1000 + 1100011?
1011011
In base 8, what is 627 - 15?
612
In base 7, what is 203 - -35?
241
In base 8, what is -51 + 2?
-47
In base 12, what is 2 - 69?
-67
In base 15, what is c + 60c?
619
In base 6, what is -4515 - 12?
-4531
In base 9, what is 4 - -1033?
1037
In base 5, what is 3 + 3021?
3024
In base 8, what is -5 + -143?
-150
In base 16, what is -33 - -2?
-31
In base 8, what is 4 + -103?
-77
In base 5, what is 3 + 1421?
1424
In base 12, what is -a2 + -12?
-b4
In base 4, what is 3303 + 12?
3321
In base 10, what is 33 - -1?
34
In base 3, what is 12 + 120122?
120211
In base 7, what is 41 + -5?
33
In base 13, what is 1 + -80?
-7c
In base 7, what is 2126 + 3?
2132
In base 7, what is 13 + -2?
11
In base 10, what is -1 - -431?
430
In base 14, what is -b34c - 4?
-b352
In base 13, what is 101 - 4?
ca
In base 8, what is 1110 - -10?
1120
In base 8, what is -3 + 2442?
2437
In base 7, what is 14 + 13?
30
In base 7, what is 66 - 5?
61
In base 7, what is -1 + -66?
-100
In base 8, what is 3 - -356?
361
In base 6, what is -25 - -3?
-22
In base 8, what is -221 - 100?
-321
In base 10, what is -507 - -5?
-502
In base 2, what is 111011 + -11?
111000
In base 14, what is 7bc + 1?
7bd
In base 4, what is 1022 - -21?
1103
In base 12, what is -1 - -811?
810
In base 15, what is d - 23?
-15
In base 3, what is 10 + 1022?
1102
In base 16, what is -13 - 4c?
-5f
In base 4, what is 1110313 - -3?
1110322
In base 15, what is -4 - -30?
2b
In base 3, what is -101 + 120020?
112212
In base 6, what is -531 - 2?
-533
In base 16, what is -16 - 35f?
-375
In base 2, what is 1100110111 - -10101?
1101001100
In base 16, what is -20 - bf?
-df
In base 6, what is -5 + -304?
-313
In base 16, what is 0 - 12?
-12
In base 15, what is -1 + -1d33?
-1d34
In base 14, what is 3 - -46?
49
In base 15, what is -2 - -a?
8
In base 14, what is 2b5 + -8?
2ab
In base 6, what is 14 + -113?
-55
In base 15, what is 16b + 1?
16c
In base 16, what is -e - -e6?
d8
In base 5, what is -2 + -10?
-12
In base 13, what is 52 + -2?
50
In base 3, what is 22100 - -12?
22112
In base 15, what is 32 + 4?
36
In base 8, what is 0 + 143?
143
In base 16, what is 3 + -5?
-2
In base 12, what is 126 - -2?
128
In base 4, what is -10 + 2133?
2123
In base 11, what is 22 + -178?
-156
In base 13, what is 32a + -8?
322
In base 3, what is 2 - 1000?
-221
In base 6, what is -20 + 51?
31
In base 15, what is 34 - 4?
30
In base 6, what is -10 - 243?
-253
In base 5, what is 113 - -10202?
10320
In base 7, what is -13 - -20?
4
In base 6, what is -1 + 555?
554
In base 10, what is 637 + -4?
633
In base 11, what is 5532 + 2?
5534
In base 14, what is 245 + 3?
248
In base 12, what is 1a65 + 5?
1a6a
In base 2, what is -1001010 + -11?
-1001101
In base 9, what is 326 + -37?
278
In base 12, what is -2 - 29a?
-2a0
In base 7, what is 150355 - 2?
150353
In base 4, what is 1 + 11323?
11330
In base 3, what is -1 + -21?
-22
In base 6, what is -312 + 5?
-303
In base 6, what is -5 + 22051?
22042
In base 10, what is -1171 + 0?
-1171
In base 5, what is -3 - 20?
-23
In base 10, what is -1726 + 5?
-1721
In base 8, what is 41 + 1?
42
In base 2, what is -1011 + 10011000100?
10010111001
In base 16, what is 402 - 1?
401
In base 9, what is 32 - -14?
46
In base 2, what is 1010000 - -101011?
1111011
In base 14, what is 32 - -21?
53
In base 5, what is -3 - -11413?
11410
In base 15, what is 9 - d5?
-cb
In base 13, what is 922 - -1?
923
In base 7, what is -112 + -16?
-131
In base 5, what is -32 - 120?
-202
In base 7, what is -1 + -115?
-116
In base 15, what is 613 + 8?
61b
In base 12, what is -3a - 4?
-42
In base 6, what is 4205 - -5?
4214
In base 9, what is 10 + -1312?
-1302
In base 2, what is -10 - -1001000111?
1001000101
In base 9, what is 24 + -37?
-13
In base 6, what is -14 - 0?
-14
In base 2, what is -10011101 - -10?
-10011011
In base 14, what is -2 - -595?
593
In base 14, what is 375d - -2?
3761
In base 14, what is 892 - -1?
893
In base 13, what is -10170 - -1?
-1016c
In base 10, what is 4 + 1132?
1136
In base 11, what is 95 + -4?
91
In base 8, what is 13711 - -1?
13712
In base 9, what is -6 + -122?
-128
In base 8, what is -4 + 43?
37
In base 8, what is -4 - -1201?
1175
In base 16, what is -5 + b5?
b0
In base 7, what is -155524 - -4?
-155520
In base 16, what is 1 + -183?
-182
In base 10, what is 2 + 58?
60
In base 5, what is 1 + -1403?
-1402
In base 12, what is -30 + -10b?
-13b
In base 12, what is -5 + -72?
-77
In base 13, what is -3b - 2?
-40
In base 7, what is 